) - 151/h. Calculate the greatest common factor of l and 136.
17
Suppose -4*h - h - 3*d = -35, 3*h - 4*d - 50 = 0. Let t(i) = 2*i**2 + 3*i + 1. Let l be t(3). Let z = 82 + l. What is the highest common divisor of h and z?
10
Suppose b + 20 = 15. Let i(a) = -a**3 - 6*a**2 - 6*a + 7. Let s be i(b). Calculate the highest common factor of 48 and s.
12
Let u = -24 - -40. Calculate the highest common factor of 32 and u.
16
Suppose -i = i. Let q be (i/2)/(-3) - 0. Suppose -4 = -m + 4*h + 4, -5*m - h + 19 = q. Calculate the greatest common divisor of 1 and m.
1
Suppose -4*m = o - 17, -3*o + 1 = 3*m - m. Suppose m*g - 48 = g. What is the greatest common factor of 96 and g?
12
Let z = 115 + -75. What is the highest common factor of z and 440?
40
Let h(o) = 2*o**2 - o - 11. Let p be h(6). Suppose w - 44 = -3*w. Calculate the greatest common factor of w and p.
11
Suppose -2*y + a + 300 = -352, -y + 312 = -4*a. Calculate the highest common factor of 41 and y.
41
Suppose 0 = -4*o - 12, -2*o + 124 = 5*h - 0*h. What is the greatest common divisor of 13 and h?
13
Let s(l) = -l**3 + 11*l**2 - 11*l + 3. Let z be s(9). What is the highest common factor of z and 99?
33
Let q be 5 - 1 - (2 - 1). Let w(h) = 2*h + 1. Let i be w(4). What is the greatest common divisor of i and q?
3
Suppose 4*l - 144 = 3*d + d, 2*l - 52 = -2*d. Suppose 3*v = 6, y = v + l - 5. Calculate the greatest common divisor of y and 112.
28
Let a = 11 - 8. Suppose 9 = a*y - 3. Suppose 0 = -5*q + 4*b + 943, q + y*q + 5*b - 925 = 0. Calculate the greatest common divisor of q and 17.
17
Let d(m) = -5*m**3 + m**2 - 1. Let r be d(-1). Let n = 20 - r. Calculate the greatest common factor of 120 and n.
15
Let m(q) = 5*q**2 + 4*q + 5. Let p be m(-4). Suppose -2*v - 43 = p. Let d = -32 - v. What is the highest common factor of d and 60?
12
Let k = -20 + 52. Let n = -10 - -18. What is the highest common factor of n and k?
8
Let t be 24 + 1 + (0 - 0). Let y = 19 + -9. Suppose -3*r + y = -r. Calculate the greatest common divisor of r and t.
5
Let l(k) = k**3 + 6*k**2 - k - 3. Let a be l(-6). Let c = 5 - 3. Suppose c*v + 39 = a*t, t + 3*t = -3*v + 35. What is the greatest common factor of t and 22?
11
Let g be 6/(-4)*(-12)/9. What is the highest common factor of g and 4?
2
Let v be 54/(-5)*20/(-3). Suppose 81 = b + 8*b. Calculate the greatest common factor of v and b.
9
Let u be 3 + 0 + (2 - 3). Suppose -4*r + 9*r - 25 = 0. Suppose s = r*s - 32. Calculate the greatest common factor of u and s.
2
Let f = 49 + -13. Suppose -53 = -14*p + 283. What is the highest common divisor of f and p?
12
Let j = -8 - -13. Suppose 4*k = j*k + 4. Let o = k + 13. Calculate the greatest common divisor of o and 99.
9
Suppose -10*m - 9 = -13*m. Let u be ((-19)/4)/(m/(-12)). What is the greatest common divisor of 95 and u?
19
Let o(d) = -14*d. Let w = 1 + -3. Let k = w + 1. Let n be o(k). What is the greatest common factor of 56 and n?
14
Let l be ((-1 - 0) + 12)/1. Calculate the greatest common factor of l and 33.
11
Suppose 0 = -2*l + 5*l - 36. Suppose -4*k + 3*b + 7 = 0, 3*b + 2*b = -4*k + 31. What is the highest common divisor of k and l?
4
Let f(w) = 171*w**2 + 5*w - 5. Let g be f(1). Calculate the greatest common divisor of g and 9.
9
Let w(y) = 2*y**3 - 2*y + 1. Let r be w(1). Let a(u) = -u. Suppose 19 = -4*g + 7. Let d be a(g). Calculate the highest common divisor of d and r.
1
Let g(d) = d**2 + 4*d - 3. Let p(z) = 5*z**2 + 15*z - 12. Let w(t) = 9*g(t) - 2*p(t). Let f be w(5). Calculate the greatest common divisor of f and 2.
2
Suppose f - 2*t + 8 = -0*f, 2*f + 4*t = 24. Suppose -d + f = -1. Let z = -2 + d. Calculate the highest common factor of 7 and z.
1
Let b be (-145)/(-3) - (-2)/(-6). Let d = -9 + 15. Calculate the highest common divisor of d and b.
6
Let h be (1 + -1 - 2) + (-24)/(-8). Calculate the highest common divisor of h and 9.
1
Let v = 17 - -84. Let k = 153 - v. What is the greatest common factor of 130 and k?
26
Suppose 0 = 5*z - z - 4, 3*z = 4*h - 321. What is the greatest common divisor of 9 and h?
9
Let c = -249 - -257. Let v be 2/(-7) - (-16)/7. Suppose -3*p = v*p - 40. What is the greatest common divisor of c and p?
8
Let p = 365 + -260. Calculate the highest common divisor of p and 21.
21
Let t = -10 + 12. Suppose 2*f = -t*u + 338, 2*u + 2*f = -3*f + 341. Calculate the highest common factor of 24 and u.
24
Let r = -100 + 190. What is the highest common factor of r and 10?
10
Suppose 5*k - 53 = 3*c + 137, c + 5*k + 50 = 0. Let t = 84 + c. Let h be (3/1)/(15/40). What is the highest common divisor of t and h?
8
Let i = 3 - 10. Let k be -7*(2 - (-38)/i). Calculate the greatest common divisor of k and 3.
3
Suppose 4 = m - 26. Let t(h) = -5*h**2 - 3*h - 1. Let n be t(-2). Let i = m + n. What is the highest common factor of i and 10?
5
Suppose -3*p = -10*p + 56. Suppose 0 = -5*s - 41 + 321. Calculate the greatest common divisor of p and s.
8
Suppose -12 = -3*o - 0*o. Suppose -o*m + 5*m = 175. What is the greatest common divisor of 25 and m?
25
Let d be (4 + -3 + 0)*108. Suppose 0 = 8*q - 9*q + d. Calculate the highest common factor of 12 and q.
12
Suppose -2*g + r = 0, -g + r = -4 + 6. Let x = 4 - g. Suppose 0 = -19*y + 21*y + 4*q - 20, -2*y + 2*q + 8 = 0. Calculate the highest common factor of y and x.
2
Suppose -3*m = -7*m + 12. Let v be -8*(-3)/(-4)*-1. Let t = v - m. Calculate the greatest common divisor of t and 12.
3
Let t(b) = -b**3 - 3*b**2 - 2*b + 3. Let s be t(-4). Let i = 4 + 5. Calculate the greatest common factor of i and s.
9
Let c = -32 + 48. What is the greatest common divisor of c and 4?
4
Suppose -128 = -w - 4*x, 4*w - 11 = 5*x + 459. Suppose v + v = w. What is the greatest common factor of 15 and v?
15
Suppose 0*f + 3*f = x + 122, 5*f - 4*x = 215. Calculate the highest common factor of 195 and f.
39
Let v(w) = w**2 + w + 1. Let j be v(-1). Let a be j/(-1 + (-99)/(-96)). What is the greatest common divisor of a and 80?
16
Suppose 0 = 2*i + 5*y, 0*y = 2*i - y - 12. Let b(h) = h**3 - 4*h**2 - h. Let l be b(5). Calculate the greatest common divisor of l and i.
5
Let c be 12/9*(-45)/(-2). Calculate the greatest common divisor of 90 and c.
30
Let z be ((-6)/(-4))/((-9)/(-96)). Let r be ((-63)/6)/((-12)/z). What is the highest common factor of 70 and r?
14
Suppose z + 178 + 763 = 3*h, 911 = 3*h + 5*z. Suppose 2*v - 6*v + h = 4*t, 4*t - 307 = v. What is the highest common factor of 7 and t?
7
Let q(w) = 2*w**3 + w**2 + 3*w - 3. Let b be q(2). Calculate the greatest common factor of b and 23.
23
Let x(f) = -f**3 - 6*f**2 - 7*f - 6. Let n be x(-6). Let i = -22 + n. Calculate the highest common divisor of 98 and i.
14
Suppose -4 = -6*s + 4*s. Calculate the greatest common divisor of s and 6.
2
Let q = 128 - 85. What is the highest common factor of 43 and q?
43
Let m be (-24)/(-10)*40/12. What is the greatest common divisor of m and 4?
4
Let m be (0 - 4) + -1 + 3. Let w = -2 - m. Suppose -i = 2*b + b - 30, w = -3*b + 2*i + 30. Calculate the highest common factor of 40 and b.
10
Let c(i) = i**3 + 9*i**2 + 7*i + 7. Let s be c(-5). Calculate the greatest common factor of 8 and s.
8
Suppose -3*i - 44 = -4*q - 7*i, -1 = -q + 4*i. Let a = 12 - q. What is the greatest common factor of 2 and a?
1
Suppose 4*p - 12 = 8*p, p + 41 = 2*s. Calculate the greatest common factor of s and 247.
19
Let g(q) = 2*q**2 - q + 1. Let d be g(5). Suppose 2*y = 3*k - 209, -17 = -2*k + 5*y + 126. What is the greatest common divisor of d and k?
23
Let n be 6/((-7)/(63/(-6))). Calculate the greatest common divisor of n and 6.
3
Let d be (-46)/(-11) + (3 - 105/33). Suppose -4 = -a - a. Suppose u + 50 = a*u + 2*w, -4*u + 164 = -4*w. Calculate the greatest common divisor of u and d.
4
Suppose j + 10 = 4*i, 0*j + j = -i - 15. Let w be 276/14 + (-4)/j. Let k = 28 - w. What is the highest common divisor of k and 1?
1
Let y be (1/(-2))/((-11 - -6)/50). What is the greatest common divisor of y and 5?
5
Suppose v - 2 = 2*v. Let t = 7 + v. Calculate the highest common factor of 35 and t.
5
Let g(y) = -9*y - 10. Let x be g(-4). What is the greatest common divisor of 39 and x?
13
Let q(z) = z**3 + 4*z**2 - 7*z - 6. Let k be q(-5). Let i be (k - -47)/((-1)/(-3)). Let h be 52/3 - 3/9. What is the highest common factor of h and i?
17
Let t be